{"id":187605,"date":"2026-01-10T16:17:04","date_gmt":"2026-01-10T16:17:04","guid":{"rendered":"https:\/\/iber.market\/producto\/chocolate-negro-70-cacao-con-pepitas-de-chocolate-ecologico-intermon-oxfam-tierra-madre-100-g\/"},"modified":"2026-01-10T16:17:04","modified_gmt":"2026-01-10T16:17:04","slug":"chocolate-negro-70-cacao-con-pepitas-de-chocolate-ecologico-intermon-oxfam-tierra-madre-100-g","status":"publish","type":"product","link":"https:\/\/iber.market\/nl\/product-2\/chocolate-negro-70-cacao-con-pepitas-de-chocolate-ecologico-intermon-oxfam-tierra-madre-100-g\/","title":{"rendered":"Zwarte chocolade 70 % cacao met biochocoladestukjes INTERM\u00d3N OXFAM TIERRA MADRE 100 g."},"content":{"rendered":"<p><strong>INTERM\u00d3N OXFAM Chocolate negro 70 % cacao con pepitas de chocolate ecol\u00f3gico INTERM\u00d3N OXFAM TIERRA MADRE 100 g.<\/strong> van het merk <strong>INTERM\u00d3N OXFAM<\/strong> is een product dat behoort tot de categorie <em>Biologische supermarkt &gt; Biologisch ontbijt<\/em>, geselecteerd binnen de Spaanse biologische supermarkt.<\/p>\n<p>Dit product is ontworpen voor mensen die een veganistisch, biologisch of plantaardig dieet volgen, waarbij kwaliteitsingredi\u00ebnten, verantwoorde processen en duurzamere consumptie voorop staan.<\/p>\n<p>Ideaal voor Europese klanten die op zoek zijn naar biologische en veganistische producten uit Spanje met internationale bezorging, met behoud van de essentie van de Spaanse supermarkt.<\/p>","protected":false},"excerpt":{"rendered":"<p>INTERM\u00d3N OXFAM Chocolate negro 70 % cacao con pepitas de chocolate ecol\u00f3gico INTERM\u00d3N OXFAM TIERRA MADRE 100 g. INTERM\u00d3N OXFAM. Producto ecol\u00f3gico y vegano seleccionado en supermercado espa\u00f1ol, ideal para una alimentaci\u00f3n consciente y saludable.<\/p>","protected":false},"featured_media":187606,"template":"","meta":[],"product_brand":[],"product_cat":[354],"product_tag":[],"class_list":{"0":"post-187605","1":"product","2":"type-product","3":"status-publish","4":"has-post-thumbnail","6":"product_cat-desayunos-ecologicos","8":"first","9":"instock","10":"taxable","11":"shipping-taxable","12":"purchasable","13":"product-type-simple"},"jetpack_sharing_enabled":true,"_links":{"self":[{"href":"https:\/\/iber.market\/nl\/wp-json\/wp\/v2\/product\/187605","targetHints":{"allow":["GET"]}}],"collection":[{"href":"https:\/\/iber.market\/nl\/wp-json\/wp\/v2\/product"}],"about":[{"href":"https:\/\/iber.market\/nl\/wp-json\/wp\/v2\/types\/product"}],"wp:featuredmedia":[{"embeddable":true,"href":"https:\/\/iber.market\/nl\/wp-json\/wp\/v2\/media\/187606"}],"wp:attachment":[{"href":"https:\/\/iber.market\/nl\/wp-json\/wp\/v2\/media?parent=187605"}],"wp:term":[{"taxonomy":"product_brand","embeddable":true,"href":"https:\/\/iber.market\/nl\/wp-json\/wp\/v2\/product_brand?post=187605"},{"taxonomy":"product_cat","embeddable":true,"href":"https:\/\/iber.market\/nl\/wp-json\/wp\/v2\/product_cat?post=187605"},{"taxonomy":"product_tag","embeddable":true,"href":"https:\/\/iber.market\/nl\/wp-json\/wp\/v2\/product_tag?post=187605"}],"curies":[{"name":"wp","href":"https:\/\/api.w.org\/{rel}","templated":true}]}}

Zwarte chocolade 70 % cacao met biochocoladestukjes INTERMÓN OXFAM TIERRA MADRE 100 g.

<p><strong>INTERMÓN OXFAM Chocolate negro 70 % cacao con pepitas de chocolate ecológico INTERMÓN OXFAM TIERRA MADRE 100 g.</strong> van het merk <strong>INTERMÓN OXFAM</strong> is een product dat behoort tot de categorie <em>Biologische supermarkt &gt; Biologisch ontbijt</em>, geselecteerd binnen de Spaanse biologische supermarkt.</p>
<p>Dit product is ontworpen voor mensen die een veganistisch, biologisch of plantaardig dieet volgen, waarbij kwaliteitsingrediënten, verantwoorde processen en duurzamere consumptie voorop staan.</p>
<p>Ideaal voor Europese klanten die op zoek zijn naar biologische en veganistische producten uit Spanje met internationale bezorging, met behoud van de essentie van de Spaanse supermarkt.</p>

<p>INTERMÓN OXFAM Chocolate negro 70 % cacao con pepitas de chocolate ecológico INTERMÓN OXFAM TIERRA MADRE 100 g. INTERMÓN OXFAM. Producto ecológico y vegano seleccionado en supermercado español, ideal para una alimentación consciente y saludable.</p>
