{"id":193834,"date":"2026-02-21T13:32:53","date_gmt":"2026-02-21T13:32:53","guid":{"rendered":"https:\/\/iber.market\/producto\/chorizo-cular-iberico-extra-la-hacienda-del-iberico\/"},"modified":"2026-03-02T21:59:50","modified_gmt":"2026-03-02T21:59:50","slug":"chorizo-cular-iberico-extra-la-hacienda-del-iberico","status":"publish","type":"product","link":"https:\/\/iber.market\/fr\/product\/chorizo-cular-iberico-extra-la-hacienda-del-iberico\/","title":{"rendered":"Chorizo cular ib\u00e9rico extra La Hacienda del ib\u00e9rico"},"content":{"rendered":"<p>Savourez le Chorizo cular ib\u00e9rico extra La Hacienda del ib\u00e9rico, un produit s\u00e9lectionn\u00e9 sur le march\u00e9 espagnol, parfait pour ceux qui vivent en dehors de l'Espagne ou pour les Europ\u00e9ens passionn\u00e9s de gastronomie m\u00e9diterran\u00e9enne.<\/p>\n<p>Choisie pour son authenticit\u00e9 et sa qualit\u00e9, elle repr\u00e9sente les saveurs espagnoles traditionnelles que de nombreux expatri\u00e9s recherchent pour rester en contact avec leur culture culinaire.<\/p>\n<p>\u2714 Produit typique du march\u00e9 espagnol<br \/>\n\u2714 Id\u00e9al pour les expatri\u00e9s et les amoureux de l'Espagne<br \/>\n\u2714 Parfait pour la cuisine m\u00e9diterran\u00e9enne et gastronomique<br \/>\n\u2714 Exp\u00e9dition internationale depuis l'Espagne<\/p>\n<p>D\u00e9couvrez ou retrouvez le go\u00fbt authentique de l'Espagne avec le Chorizo cular ib\u00e9rico extra La Hacienda del ib\u00e9rico, disponible en ligne dans toute l'Europe.<\/p>","protected":false},"excerpt":{"rendered":"<p>Chorizo cular ib\u00e9rico extra La Hacienda del ib\u00e9rico authentique ib\u00e9rico du march\u00e9 espagnol, id\u00e9al pour les expatri\u00e9s et les amateurs de gastronomie m\u00e9diterran\u00e9enne. Qualit\u00e9 s\u00e9lectionn\u00e9e et exp\u00e9di\u00e9e en Europe pour savourer le vrai go\u00fbt de l'Espagne.<\/p>","protected":false},"featured_media":193835,"template":"","meta":[],"product_brand":[],"product_cat":[62],"product_tag":[],"class_list":{"0":"post-193834","1":"product","2":"type-product","3":"status-publish","4":"has-post-thumbnail","6":"product_cat-jamon-y-embutidos-selectos","8":"first","9":"instock","10":"taxable","11":"shipping-taxable","12":"purchasable","13":"product-type-simple"},"jetpack_sharing_enabled":true,"_links":{"self":[{"href":"https:\/\/iber.market\/fr\/wp-json\/wp\/v2\/product\/193834","targetHints":{"allow":["GET"]}}],"collection":[{"href":"https:\/\/iber.market\/fr\/wp-json\/wp\/v2\/product"}],"about":[{"href":"https:\/\/iber.market\/fr\/wp-json\/wp\/v2\/types\/product"}],"wp:featuredmedia":[{"embeddable":true,"href":"https:\/\/iber.market\/fr\/wp-json\/wp\/v2\/media\/193835"}],"wp:attachment":[{"href":"https:\/\/iber.market\/fr\/wp-json\/wp\/v2\/media?parent=193834"}],"wp:term":[{"taxonomy":"product_brand","embeddable":true,"href":"https:\/\/iber.market\/fr\/wp-json\/wp\/v2\/product_brand?post=193834"},{"taxonomy":"product_cat","embeddable":true,"href":"https:\/\/iber.market\/fr\/wp-json\/wp\/v2\/product_cat?post=193834"},{"taxonomy":"product_tag","embeddable":true,"href":"https:\/\/iber.market\/fr\/wp-json\/wp\/v2\/product_tag?post=193834"}],"curies":[{"name":"wp","href":"https:\/\/api.w.org\/{rel}","templated":true}]}}

Chorizo cular ibérico extra La Hacienda del ibérico

<p>Savourez le Chorizo cular ibérico extra La Hacienda del ibérico, un produit sélectionné sur le marché espagnol, parfait pour ceux qui vivent en dehors de l'Espagne ou pour les Européens passionnés de gastronomie méditerranéenne.</p>
<p>Choisie pour son authenticité et sa qualité, elle représente les saveurs espagnoles traditionnelles que de nombreux expatriés recherchent pour rester en contact avec leur culture culinaire.</p>
<p>✔ Produit typique du marché espagnol<br />
✔ Idéal pour les expatriés et les amoureux de l'Espagne<br />
✔ Parfait pour la cuisine méditerranéenne et gastronomique<br />
✔ Expédition internationale depuis l'Espagne</p>
<p>Découvrez ou retrouvez le goût authentique de l'Espagne avec le Chorizo cular ibérico extra La Hacienda del ibérico, disponible en ligne dans toute l'Europe.</p>

<p>Chorizo cular ibérico extra La Hacienda del ibérico authentique ibérico du marché espagnol, idéal pour les expatriés et les amateurs de gastronomie méditerranéenne. Qualité sélectionnée et expédiée en Europe pour savourer le vrai goût de l'Espagne.</p>
