{"id":200744,"date":"2026-03-02T21:58:43","date_gmt":"2026-03-02T21:58:43","guid":{"rendered":"https:\/\/iber.market\/producto\/sobrasada-de-mallorca-can-pere-joan\/"},"modified":"2026-03-02T21:58:43","modified_gmt":"2026-03-02T21:58:43","slug":"sobrasada-de-mallorca-can-pere-joan","status":"publish","type":"product","link":"https:\/\/iber.market\/en\/product\/sobrasada-de-mallorca-can-pere-joan\/","title":{"rendered":"Sobrasada de Mallorca Can Pere Joan"},"content":{"rendered":"<p>Sobrasada de Mallorca Can Pere Joan es parte de la tradici\u00f3n dulce espa\u00f1ola. Ideal para expatriados y amantes de la gastronom\u00eda espa\u00f1ola en Europa.<\/p>","protected":false},"excerpt":{"rendered":"<p>Sobrasada de Mallorca Can Pere Joan. Dulce espa\u00f1ol ideal para disfrutar del aut\u00e9ntico sabor de Espa\u00f1a en Europa.<\/p>","protected":false},"featured_media":200745,"template":"","meta":[],"product_brand":[],"product_cat":[62],"product_tag":[],"class_list":{"0":"post-200744","1":"product","2":"type-product","3":"status-publish","4":"has-post-thumbnail","6":"product_cat-jamon-y-embutidos-selectos","8":"first","9":"instock","10":"taxable","11":"shipping-taxable","12":"purchasable","13":"product-type-simple"},"jetpack_sharing_enabled":true,"_links":{"self":[{"href":"https:\/\/iber.market\/en\/wp-json\/wp\/v2\/product\/200744","targetHints":{"allow":["GET"]}}],"collection":[{"href":"https:\/\/iber.market\/en\/wp-json\/wp\/v2\/product"}],"about":[{"href":"https:\/\/iber.market\/en\/wp-json\/wp\/v2\/types\/product"}],"wp:featuredmedia":[{"embeddable":true,"href":"https:\/\/iber.market\/en\/wp-json\/wp\/v2\/media\/200745"}],"wp:attachment":[{"href":"https:\/\/iber.market\/en\/wp-json\/wp\/v2\/media?parent=200744"}],"wp:term":[{"taxonomy":"product_brand","embeddable":true,"href":"https:\/\/iber.market\/en\/wp-json\/wp\/v2\/product_brand?post=200744"},{"taxonomy":"product_cat","embeddable":true,"href":"https:\/\/iber.market\/en\/wp-json\/wp\/v2\/product_cat?post=200744"},{"taxonomy":"product_tag","embeddable":true,"href":"https:\/\/iber.market\/en\/wp-json\/wp\/v2\/product_tag?post=200744"}],"curies":[{"name":"wp","href":"https:\/\/api.w.org\/{rel}","templated":true}]}}

<p>Sobrasada de Mallorca Can Pere Joan es parte de la tradición dulce española. Ideal para expatriados y amantes de la gastronomía española en Europa.</p>

<p>Sobrasada de Mallorca Can Pere Joan. Dulce español ideal para disfrutar del auténtico sabor de España en Europa.</p>
