{"id":187675,"date":"2026-01-10T16:17:17","date_gmt":"2026-01-10T16:17:17","guid":{"rendered":"https:\/\/iber.market\/producto\/aceite-oliva-virgen-extra-ecologico-denominacion-de-origen-baena-nunez-de-prado-botella-500-ml\/"},"modified":"2026-01-10T16:17:18","modified_gmt":"2026-01-10T16:17:18","slug":"aceite-oliva-virgen-extra-ecologico-denominacion-de-origen-baena-nunez-de-prado-botella-500-ml","status":"publish","type":"product","link":"https:\/\/iber.market\/en\/product\/aceite-oliva-virgen-extra-ecologico-denominacion-de-origen-baena-nunez-de-prado-botella-500-ml\/","title":{"rendered":"Organic extra virgin olive oil Denomination of Origin Baena N\u00da\u00d1EZ DE PRADO Bottle 500 ml."},"content":{"rendered":"<p><strong>N\u00da\u00d1EZ DE PRADO Aceite oliva virgen extra ecol\u00f3gico Denominaci\u00f3n de Origen Baena N\u00da\u00d1EZ DE PRADO Botella 500 ml.<\/strong> of the brand <strong>N\u00da\u00d1EZ DE PRADO<\/strong> is a product belonging to the category <em>Supermercado Ecol\u00f3gico &gt; Your Organic Pantry<\/em>, selected within the Spanish organic supermarket.<\/p>\n<p>This product is designed for people who follow a vegan, organic or plant-based diet, prioritizing quality ingredients, responsible processes and a more sustainable consumption.<\/p>\n<p>Ideal for European customers looking to buy organic and vegan products from Spain with international shipping, while maintaining the essence of the Spanish supermarket.<\/p>","protected":false},"excerpt":{"rendered":"<p>N\u00da\u00d1EZ DE PRADO Aceite oliva virgen extra ecol\u00f3gico Denominaci\u00f3n de Origen Baena N\u00da\u00d1EZ DE PRADO Botella 500 ml. N\u00da\u00d1EZ DE PRADO. Producto ecol\u00f3gico y vegano seleccionado en supermercado espa\u00f1ol, ideal para una alimentaci\u00f3n consciente y saludable.<\/p>","protected":false},"featured_media":187676,"template":"","meta":[],"product_brand":[],"product_cat":[352],"product_tag":[],"class_list":{"0":"post-187675","1":"product","2":"type-product","3":"status-publish","4":"has-post-thumbnail","6":"product_cat-tu-despensa-ecologica","8":"first","9":"instock","10":"taxable","11":"shipping-taxable","12":"purchasable","13":"product-type-simple"},"jetpack_sharing_enabled":true,"_links":{"self":[{"href":"https:\/\/iber.market\/en\/wp-json\/wp\/v2\/product\/187675","targetHints":{"allow":["GET"]}}],"collection":[{"href":"https:\/\/iber.market\/en\/wp-json\/wp\/v2\/product"}],"about":[{"href":"https:\/\/iber.market\/en\/wp-json\/wp\/v2\/types\/product"}],"wp:featuredmedia":[{"embeddable":true,"href":"https:\/\/iber.market\/en\/wp-json\/wp\/v2\/media\/187676"}],"wp:attachment":[{"href":"https:\/\/iber.market\/en\/wp-json\/wp\/v2\/media?parent=187675"}],"wp:term":[{"taxonomy":"product_brand","embeddable":true,"href":"https:\/\/iber.market\/en\/wp-json\/wp\/v2\/product_brand?post=187675"},{"taxonomy":"product_cat","embeddable":true,"href":"https:\/\/iber.market\/en\/wp-json\/wp\/v2\/product_cat?post=187675"},{"taxonomy":"product_tag","embeddable":true,"href":"https:\/\/iber.market\/en\/wp-json\/wp\/v2\/product_tag?post=187675"}],"curies":[{"name":"wp","href":"https:\/\/api.w.org\/{rel}","templated":true}]}}

Organic extra virgin olive oil Denomination of Origin Baena NÚÑEZ DE PRADO Bottle 500 ml.

<p><strong>NÚÑEZ DE PRADO Aceite oliva virgen extra ecológico Denominación de Origen Baena NÚÑEZ DE PRADO Botella 500 ml.</strong> of the brand <strong>NÚÑEZ DE PRADO</strong> is a product belonging to the category <em>Supermercado Ecológico &gt; Your Organic Pantry</em>, selected within the Spanish organic supermarket.</p>
<p>This product is designed for people who follow a vegan, organic or plant-based diet, prioritizing quality ingredients, responsible processes and a more sustainable consumption.</p>
<p>Ideal for European customers looking to buy organic and vegan products from Spain with international shipping, while maintaining the essence of the Spanish supermarket.</p>

<p>NÚÑEZ DE PRADO Aceite oliva virgen extra ecológico Denominación de Origen Baena NÚÑEZ DE PRADO Botella 500 ml. NÚÑEZ DE PRADO. Producto ecológico y vegano seleccionado en supermercado español, ideal para una alimentación consciente y saludable.</p>
